{"id":89,"date":"2024-02-04T19:44:05","date_gmt":"2024-02-04T18:44:05","guid":{"rendered":"https:\/\/diantre-restaurant.com\/?page_id=89"},"modified":"2026-01-01T19:52:30","modified_gmt":"2026-01-01T18:52:30","slug":"le-restaurant","status":"publish","type":"page","link":"https:\/\/diantre-restaurant.com\/","title":{"rendered":"Le restaurant"},"content":{"rendered":"\n<p>Bienvenue au Restaurant Diantre!<\/p>\n\n\n\n<p>Plongez dans une exp\u00e9rience inoubliable au c\u0153ur de notre restaurant. Situ\u00e9 dans le quartier du centre-ville, notre \u00e9tablissement allie une ambiance chaleureuse \u00e0 une cuisine raffin\u00e9e, mettant en valeur les saveurs locales et les ingr\u00e9dients frais de saison, \u00e0 des prix incomparables.<\/p>\n\n\n\n<p>Notre chef talentueux, passionn\u00e9 par l\u2019art culinaire, cr\u00e9e des plats exquis qui \u00e9veilleront vos papilles \u00e0 chaque bouch\u00e9e. De la cuisine traditionnelle revisit\u00e9e \u00e0 des cr\u00e9ations contemporaines, chaque assiette est une \u00f4de \u00e0 la qualit\u00e9 et \u00e0 la cr\u00e9ativit\u00e9.<\/p>\n\n\n\n<p>Que ce soit pour un d\u00eener romantique, une r\u00e9union d\u2019affaires ou une soir\u00e9e entre amis, nous vous accueillons avec professionnalisme et attention. Notre carte des vins soigneusement s\u00e9lectionn\u00e9e compl\u00e9tera parfaitement votre repas, offrant une s\u00e9lection vari\u00e9e pour accompagner chaque plat.<\/p>\n\n\n\n<p>Nous nous engageons \u00e0 offrir \u00e0 nos clients une exp\u00e9rience culinaire in\u00e9gal\u00e9e, o\u00f9 chaque visite est une c\u00e9l\u00e9bration de la cuisine, de l\u2019art de vivre et du plaisir de partager un repas m\u00e9morable. R\u00e9servez d\u00e8s maintenant et laissez-nous vous transporter dans un voyage culinaire inoubliable au Restaurant Diantre!<\/p>\n\n\n\n<p>Dans l&rsquo;assiette&#8230;<\/p>\n\n\n\n<p>Convivialit\u00e9, simplicit\u00e9, authenticit\u00e9 et g\u00e9n\u00e9rosit\u00e9 c\u2019est ainsi que l\u2019on pourrait qualifier chaque assiette qui sort de la cuisine. L\u2019inspiration est port\u00e9e par l\u2019atmosph\u00e8re d\u00e9contract\u00e9e du lieu. Ici, on d\u00e9guste les plats que l\u2019on aime tant et ils changent toutes les 3 semaines : un oeuf moelleux, un onglet, un pain perdu \u2026 Le plaisir est une fois encore la seule motivation. Ici, pour \u00e9viter le gaspillage, on peut m\u00eame demander un&nbsp;<em>Doggy Bag&nbsp;<\/em>!<\/p>\n\n\n\n<p>Pr\u00e9sentation de nos espaces uniques. <\/p>\n\n\n\n<div class=\"wp-block-buttons is-content-justification-center is-layout-flex wp-container-core-buttons-is-layout-16018d1d wp-block-buttons-is-layout-flex\">\n<div class=\"wp-block-button\"><a class=\"wp-block-button__link wp-element-button\" href=\"https:\/\/lor.paris\/r\/diantre-val-les-bains\">JE RESERVE<\/a><\/div>\n<\/div>\n\n\n\n<p>La Terrasse &#8230;<\/p>\n\n\n<div class=\"wp-block-image\">\n<figure class=\"aligncenter size-large is-resized\"><img fetchpriority=\"high\" decoding=\"async\" width=\"819\" height=\"1024\" src=\"http:\/\/diantre-restaurant.com\/wp-content\/uploads\/2024\/07\/02510E26-C94A-41F9-8C5B-44509F2CC9CC-819x1024.jpg\" alt=\"\" class=\"wp-image-347\" style=\"width:341px;height:auto\" srcset=\"https:\/\/diantre-restaurant.com\/wp-content\/uploads\/2024\/07\/02510E26-C94A-41F9-8C5B-44509F2CC9CC-819x1024.jpg 819w, https:\/\/diantre-restaurant.com\/wp-content\/uploads\/2024\/07\/02510E26-C94A-41F9-8C5B-44509F2CC9CC-240x300.jpg 240w, https:\/\/diantre-restaurant.com\/wp-content\/uploads\/2024\/07\/02510E26-C94A-41F9-8C5B-44509F2CC9CC-768x960.jpg 768w, https:\/\/diantre-restaurant.com\/wp-content\/uploads\/2024\/07\/02510E26-C94A-41F9-8C5B-44509F2CC9CC-1229x1536.jpg 1229w, https:\/\/diantre-restaurant.com\/wp-content\/uploads\/2024\/07\/02510E26-C94A-41F9-8C5B-44509F2CC9CC-1638x2048.jpg 1638w, https:\/\/diantre-restaurant.com\/wp-content\/uploads\/2024\/07\/02510E26-C94A-41F9-8C5B-44509F2CC9CC-scaled.jpg 2048w\" sizes=\"(max-width: 819px) 100vw, 819px\" \/><\/figure>\n<\/div>\n\n\n<p>Profitez de l&rsquo;air frais et de l&rsquo;ambiance d\u00e9contract\u00e9e de notre terrasse. Nich\u00e9e au c\u0153ur de la ville, notre terrasse est l&rsquo;endroit id\u00e9al pour savourer un repas en plein air tout en admirant le paysage urbain. Que ce soit pour un d\u00e9jeuner entre amis ou un d\u00eener romantique sous les \u00e9toiles, notre terrasse vous offre un cadre relaxant et convivial pour profiter de chaque moment.<\/p>\n\n\n\n<p>L&rsquo;espace Accueil&#8230;<\/p>\n\n\n<div class=\"wp-block-image\">\n<figure class=\"aligncenter size-large is-resized\"><img decoding=\"async\" width=\"1024\" height=\"768\" src=\"https:\/\/diantre-restaurant.com\/wp-content\/uploads\/2024\/08\/IMG_5914-2-1-1024x768.jpg\" alt=\"\" class=\"wp-image-419\" style=\"width:832px;height:auto\" srcset=\"https:\/\/diantre-restaurant.com\/wp-content\/uploads\/2024\/08\/IMG_5914-2-1-1024x768.jpg 1024w, https:\/\/diantre-restaurant.com\/wp-content\/uploads\/2024\/08\/IMG_5914-2-1-300x225.jpg 300w, https:\/\/diantre-restaurant.com\/wp-content\/uploads\/2024\/08\/IMG_5914-2-1-768x576.jpg 768w, https:\/\/diantre-restaurant.com\/wp-content\/uploads\/2024\/08\/IMG_5914-2-1-1536x1152.jpg 1536w, https:\/\/diantre-restaurant.com\/wp-content\/uploads\/2024\/08\/IMG_5914-2-1-2048x1536.jpg 2048w\" sizes=\"(max-width: 1024px) 100vw, 1024px\" \/><\/figure>\n<\/div>\n\n\n<p>Plongez dans l&rsquo;atmosph\u00e8re vibrante de notre bar o\u00f9 l&rsquo;excitation de la ville se m\u00eale \u00e0 l&rsquo;\u00e9l\u00e9gance contemporaine. Notre vous proposons une s\u00e9lection de cocktails cr\u00e9atifs et de boissons rafra\u00eechissantes pour accompagner votre soir\u00e9e. Que vous veniez pour un ap\u00e9ritif avant le d\u00eener ou pour prolonger la soir\u00e9e dans une ambiance anim\u00e9e, notre bar est l&rsquo;endroit id\u00e9al pour se d\u00e9tendre et socialiser.<\/p>\n\n\n\n<p>La Salle \u00e9l\u00e9gante&#8230;<\/p>\n\n\n<div class=\"wp-block-image\">\n<figure class=\"aligncenter size-large is-resized\"><img decoding=\"async\" width=\"1024\" height=\"1024\" src=\"https:\/\/diantre-restaurant.com\/wp-content\/uploads\/2024\/07\/567F85EF-17C7-46DA-BC91-BB70C621CFEA-2-1024x1024.jpg\" alt=\"\" class=\"wp-image-367\" style=\"width:397px;height:auto\" srcset=\"https:\/\/diantre-restaurant.com\/wp-content\/uploads\/2024\/07\/567F85EF-17C7-46DA-BC91-BB70C621CFEA-2-1024x1024.jpg 1024w, https:\/\/diantre-restaurant.com\/wp-content\/uploads\/2024\/07\/567F85EF-17C7-46DA-BC91-BB70C621CFEA-2-300x300.jpg 300w, https:\/\/diantre-restaurant.com\/wp-content\/uploads\/2024\/07\/567F85EF-17C7-46DA-BC91-BB70C621CFEA-2-150x150.jpg 150w, https:\/\/diantre-restaurant.com\/wp-content\/uploads\/2024\/07\/567F85EF-17C7-46DA-BC91-BB70C621CFEA-2-768x768.jpg 768w, https:\/\/diantre-restaurant.com\/wp-content\/uploads\/2024\/07\/567F85EF-17C7-46DA-BC91-BB70C621CFEA-2-1536x1536.jpg 1536w, https:\/\/diantre-restaurant.com\/wp-content\/uploads\/2024\/07\/567F85EF-17C7-46DA-BC91-BB70C621CFEA-2-2048x2048.jpg 2048w, https:\/\/diantre-restaurant.com\/wp-content\/uploads\/2024\/07\/567F85EF-17C7-46DA-BC91-BB70C621CFEA-2-100x100.jpg 100w, https:\/\/diantre-restaurant.com\/wp-content\/uploads\/2024\/07\/567F85EF-17C7-46DA-BC91-BB70C621CFEA-2-350x350.jpg 350w\" sizes=\"(max-width: 1024px) 100vw, 1024px\" \/><\/figure>\n<\/div>\n\n\n<p>Entrez dans notre salle principale et laissez-vous s\u00e9duire par son ambiance sophistiqu\u00e9e et son d\u00e9cor \u00e9l\u00e9gant. Avec ses tables bien dress\u00e9es, ses lumi\u00e8res tamis\u00e9es et son service attentif, notre salle est parfaite pour les repas en t\u00eate-\u00e0-t\u00eate, les r\u00e9unions de famille ou les occasions sp\u00e9ciales. Laissez-vous transporter par l&rsquo;atmosph\u00e8re chaleureuse et intime de notre salle et savourez chaque instant de votre exp\u00e9rience culinaire au Restaurant Diantre!<\/p>\n\n\n\n<p>Quel que soit l&rsquo;espace que vous choisissez, nous vous promettons une exp\u00e9rience inoubliable o\u00f9 la qualit\u00e9, le service et l&rsquo;ambiance se rejoignent pour cr\u00e9er des souvenirs m\u00e9morables.<\/p>\n\n\n\n<div class=\"wp-block-buttons is-content-justification-center is-layout-flex wp-container-core-buttons-is-layout-16018d1d wp-block-buttons-is-layout-flex\">\n<div class=\"wp-block-button\"><a class=\"wp-block-button__link wp-element-button\" href=\"https:\/\/lor.paris\/r\/diantre-val-les-bains\">JE RESERVE<\/a><\/div>\n<\/div>\n\n\n\n<p><\/p>\n","protected":false},"excerpt":{"rendered":"<p>Bienvenue au Restaurant Diantre! Plongez dans une exp\u00e9rience inoubliable au c\u0153ur de notre restaurant. Situ\u00e9 dans le quartier du centre-ville, notre \u00e9tablissement allie une ambiance chaleureuse \u00e0 une cuisine raffin\u00e9e, mettant en valeur les saveurs locales et les ingr\u00e9dients frais de saison, \u00e0 des prix incomparables. Notre chef talentueux, passionn\u00e9 par l\u2019art culinaire, cr\u00e9e des [&hellip;]<\/p>\n","protected":false},"author":1,"featured_media":0,"parent":291,"menu_order":0,"comment_status":"closed","ping_status":"closed","template":"","meta":{"om_disable_all_campaigns":false,"footnotes":""},"class_list":["post-89","page","type-page","status-publish","hentry"],"_links":{"self":[{"href":"https:\/\/diantre-restaurant.com\/index.php\/wp-json\/wp\/v2\/pages\/89","targetHints":{"allow":["GET"]}}],"collection":[{"href":"https:\/\/diantre-restaurant.com\/index.php\/wp-json\/wp\/v2\/pages"}],"about":[{"href":"https:\/\/diantre-restaurant.com\/index.php\/wp-json\/wp\/v2\/types\/page"}],"author":[{"embeddable":true,"href":"https:\/\/diantre-restaurant.com\/index.php\/wp-json\/wp\/v2\/users\/1"}],"replies":[{"embeddable":true,"href":"https:\/\/diantre-restaurant.com\/index.php\/wp-json\/wp\/v2\/comments?post=89"}],"version-history":[{"count":20,"href":"https:\/\/diantre-restaurant.com\/index.php\/wp-json\/wp\/v2\/pages\/89\/revisions"}],"predecessor-version":[{"id":798,"href":"https:\/\/diantre-restaurant.com\/index.php\/wp-json\/wp\/v2\/pages\/89\/revisions\/798"}],"up":[{"embeddable":true,"href":"https:\/\/diantre-restaurant.com\/index.php\/wp-json\/wp\/v2\/pages\/291"}],"wp:attachment":[{"href":"https:\/\/diantre-restaurant.com\/index.php\/wp-json\/wp\/v2\/media?parent=89"}],"curies":[{"name":"wp","href":"https:\/\/api.w.org\/{rel}","templated":true}]}}